 - 29623*y + 42. Determine u(-56).
-14
Let v(l) = 10*l**2 + 279*l - 261. Give v(-27).
-504
Let k(a) = 84*a**2 + 112*a - 221. Calculate k(2).
339
Let r(k) = -9*k**3 - 404*k**2 + 53*k - 449. Give r(-45).
-809
Let r(b) = -13448*b - 106332. Give r(-8).
1252
Let l(x) = -53*x**2 - 480*x + 17090. What is l(14)?
-18
Let c(a) = 48758*a - 438788. Give c(9).
34
Let a(z) = -2*z**2 - 12639*z + 113685. Determine a(9).
-228
Let h(i) = -3705*i + 118557. Determine h(32).
-3
Let i(a) = -259*a - 6911. What is i(-28)?
341
Let k(t) = 33*t**2 - 5441*t - 173. What is k(165)?
487
Let n(v) = 3356*v + 80544. Determine n(-24).
0
Let h(l) = -65303*l - 1110275. Calculate h(-17).
-124
Let g(i) = 2*i**2 + 767*i - 3083. What is g(4)?
17
Let p(a) = 135*a + 57135. Determine p(-424).
-105
Let a(v) = 5*v**3 + 148*v**2 + 1088*v - 50. Give a(-19).
-1589
Let r(k) = -k**3 - 328*k**2 - 973*k + 666. Calculate r(-325).
16
Let d(x) = -1486*x + 7211. Give d(5).
-219
Let q(y) = 1088*y + 19014. Calculate q(-18).
-570
Let q(s) = -54091*s - 432719. Give q(-8).
9
Let r(v) = -7759*v - 23186. Determine r(-3).
91
Let o(n) = -15*n**2 - 1686*n + 1012. Calculate o(-113).
-5
Let z(q) = 3916*q + 46978. Calculate z(-12).
-14
Let w(n) = -1989*n - 270433. What is w(-136)?
71
Let w(k) = -k**3 - 18*k**2 - 1837*k - 35263. Determine w(-19).
1
Let g(k) = 1182*k - 10570. What is g(9)?
68
Let r(m) = 58888*m - 1354456. Give r(23).
-32
Let n(y) = -135713*y + 814339. Determine n(6).
61
Let b(a) = a**3 + 27*a**2 - 299*a - 939. What is b(-35)?
-274
Let k(p) = -p**3 + 21*p**2 - 73*p + 510. Calculate k(11).
917
Let t(b) = -23*b**2 + 64*b + 2923. Give t(-10).
-17
Let y(n) = -4*n**2 + 24431*n + 122252. What is y(-5)?
-3
Let i(f) = 225*f**3 - 13*f**2 - 15*f - 4. Give i(-1).
-227
Let o(w) = 9141*w - 6298154. Give o(689).
-5
Let x(c) = 2789*c + 147790. Calculate x(-53).
-27
Let d(y) = -2411*y - 26484. What is d(-11)?
37
Let u(h) = 3*h + 485. What is u(20)?
545
Let z(t) = -34*t**2 - 503*t - 1663. Calculate z(-9).
110
Let l(a) = 35526*a + 142085. Calculate l(-4).
-19
Let z(b) = -8218*b + 303767. Give z(37).
-299
Let t(a) = 17*a**2 + 386*a - 2060. Give t(-27).
-89
Let r(j) = -j**3 - 41*j**2 - 208*j + 202. Determine r(-35).
132
Let a(c) = c**3 - 5*c**2 + 150*c - 1559. Calculate a(10).
441
Let q(c) = 3*c**3 + 3389*c**2 + 9007*c - 10099. Determine q(-1127).
44
Let h(t) = -127372*t - 1273690. What is h(-10)?
30
Let w(u) = -u**3 - 34*u**2 - 249*u + 1591. What is w(4)?
-13
Let r(a) = -a**3 - 27*a**2 + 122*a + 62. Calculate r(-31).
124
Let b(l) = -85*l**2 - 7135*l + 453. What is b(-84)?
33
Let u(v) = v**3 - 812*v**2 + 131707*v + 1107. Determine u(224).
-13
Let w(h) = 2*h**3 - 26*h**2 + 50*h + 169. Give w(9).
-29
Let a(r) = -514*r + 4541. Give a(12).
-1627
Let v(y) = -12*y**2 - 186*y - 347. Determine v(-2).
-23
Let u(v) = v**2 - 1523*v + 59307. Calculate u(40).
-13
Let q(a) = -340611*a + 2384173. Determine q(7).
-104
Let p(f) = -f**2 - 1792*f - 39197. What is p(-22)?
-257
Let j(q) = q**2 + 149*q + 1869. What is j(-14)?
-21
Let w(f) = -430*f - 35152. What is w(-82)?
108
Let q(h) = 3*h**2 + 428*h + 11672. Determine q(-106).
12
Let r(i) = -245*i - 709. Calculate r(4).
-1689
Let i(x) = -2*x**2 - 67*x + 4689. Calculate i(-69).
-210
Let s(w) = w**3 - 58*w**2 + 212*w + 273. Give s(54).
57
Let t(u) = 2*u**3 - 27*u**2 - 23*u + 286. Calculate t(15).
616
Let w(q) = -627*q + 236376. Calculate w(377).
-3
Let o(n) = -1430*n + 2529. Determine o(0).
2529
Let g(u) = -491*u - 1428. Calculate g(-3).
45
Let q(v) = -2*v**2 - 31505*v + 220635. Give q(7).
2
Let s(u) = -267*u**2 + 5700*u - 5701. Determine s(1).
-268
Let p(m) = -m**3 + 3*m**2 - 2434*m + 9734. What is p(4)?
-18
Let u(z) = -91*z**2 + 104587*z - 32166. Give u(1149).
6
Let f(p) = 3706*p - 48051. Determine f(13).
127
Let r(s) = -5*s**3 + 40*s**2 + 155*s + 35. Calculate r(-3).
65
Let g(m) = 31*m**2 - 3770*m - 68249. Calculate g(-16).
7
Let j(u) = -1553*u + 181955. Calculate j(117).
254
Let l(w) = 72*w + 758. Calculate l(-18).
-538
Let k(a) = 13*a**2 - 127*a - 1173. Calculate k(12).
-825
Let p(f) = 694*f - 11463. Calculate p(14).
-1747
Let t(p) = -p**3 - 34*p**2 + 45*p + 3457. Give t(-34).
1927
Let s(y) = 2*y**3 + 26*y**2 + 45204*y + 633266. Determine s(-14).
18
Let f(h) = -59*h**2 - 13913*h + 2599. Calculate f(-236).
3
Let p(c) = -13016*c - 182252. What is p(-14)?
-28
Let g(d) = -1502*d + 13574. Give g(9).
56
Let q(x) = -4601*x + 280722. Determine q(61).
61
Let u(k) = 44*k - 1914. Calculate u(24).
-858
Let u(j) = -j**3 - 28*j**2 + 24*j + 287. Determine u(-3).
-10
Let x(q) = 3*q**3 - 11*q**2 - 76*q + 2. Determine x(-6).
-586
Let x(q) = 134571*q - 6593987. What is x(49)?
-8
Let w(f) = f**3 - 22*f**2 + 137*f - 1516. Determine w(19).
4
Let o(u) = -u**2 - 594*u + 18715. Determine o(30).
-5
Let h(q) = -q**3 + 15*q**2 - 123*q + 6. Give h(13).
-1255
Let c(z) = z**2 - 292*z + 11437. Determine c(49).
-470
Let k(n) = n**3 + 280*n**2 - 1496*n - 3553. Give k(7).
38
Let x(s) = 289*s + 2721. What is x(-8)?
409
Let t(b) = -b**3 + 90*b**2 + 1941*b + 330. Determine t(108).
6
Let q(y) = 20*y**3 + 7212*y**2 + 4315*y - 1794. Determine q(-360).
6
Let d(i) = -5242*i - 52363. What is d(-10)?
57
Let z(q) = 2*q**3 - 11*q**2 - 16221*q + 28058. Give z(92).
-2
Let i(g) = 82852*g + 911368. Calculate i(-11).
-4
Let f(a) = -128946*a + 2450048. Give f(19).
74
Let a(q) = -121*q - 5539. What is a(-45)?
-94
Let w(f) = -21426*f - 2014111. Determine w(-94).
-67
Let m(z) = 3*z**2 + 839*z - 3374. Determine m(4).
30
Let d(s) = 19*s**2 - 6395*s + 3697. Determine d(336).
1
Let g(c) = -9230*c - 9227. Determine g(-1).
3
Let m(c) = -1502910*c + 9017468. What is m(6)?
8
Let i(x) = -x**2 + 6706*x + 26840. Determine i(-4).
0
Let t(i) = -11*i**2 - 1080*i - 2522. Give t(-96).
-218
Let n(a) = 2*a**3 - 50*a**2 + 244*a + 702. What is n(16)?
-2
Let f(k) = -k**3 + 1204*k**2 + 34537*k + 1138. Give f(-28).
-10
Let o(y) = 15*y**2 - 25*y - 12. What is o(0)?
-12
Let z(l) = 689*l - 2102. What is z(3)?
-35
Let v(h) = h**3 + 31*h**2 - 133*h - 3017. Give v(-9).
-38
Let t(b) = 2*b**3 - 755*b**2 + 2623*b - 1868. Determine t(374).
2
Let o(c) = -1628*c - 55401. What is o(-34)?
-49
Let p(b) = -1794*b + 9128. Determine p(4).
1952
Let a(v) = v**3 + 287*v**2 + 10892*v - 25. What is a(-45)?
-115
Let z(m) = -6*m**3 - 391*m**2 - 17*m + 3135. Determine z(-65).
15
Let a(z) = 106*z + 1255. Calculate a(-16).
-441
Let c(p) = -2*p**2 + 62*p - 2943. Give c(34).
-3147
Let u(c) = -347*c**3 - 35*c**2 + 6*c + 40. What is u(-1)?
346
Let s(h) = -114061*h - 228122. Calculate s(-2).
0
Let l(w) = 237*w - 93104. Determine l(393).
37
Let l(c) = 1028*c - 30657. Calculate l(34).
4295
Let s(d) = 174*d**2 + 153823*d + 6182. Give s(-884).
-6
Let w(p) = 38*p + 1172. Calculate w(-30).
32
Let i(u) = -2*u**3 - 158*u**2 - 862*u + 17. Determine i(-6).
-67
Let q(a) = a**3 - 40*a**2 + 24049*a - 911026. What is q(38)?
-52
Let k(c) = 8281*c + 1507140. What is k(-182)?
-2
Let y(w) = -9746*w + 8020976. Determine y(823).
18
Let c(m) = -153*m**2 - 4288*m - 123. Determine c(-28).
-11
Let s(a) = a**3 + 76*a**2 - 389*a - 5556. Calculate s(-80).
-36
Let n(w) = -1997*w - 22995. Calculate n(-9).
-5022
Let o(z) = -2*z**3 + 104*z**2 + 207*z + 558. What is o(54)?
72
Let f(v) = -v**3 - 28*v**2 - 60*v + 146. What is f(-27)?
1037
Let o(s) = s**3 + 12*s**2 - 7425*s - 89101. Give o(-12).
-1
Let q(h) = 20840*h - 958655. Calculate q(46).
-15
Let d(x) = -x**2 + 126*x + 169894. Determine d(-354).
-26
Let k(m) = -260*m + 1045. Give k(2).
525
Let p(q) = -q**3 - 5*q**2 + 19*q + 79. Determine p(-4).
-13
Let s(i) = -i**2 - 17063*i - 340872. What is s(-20)?
-12
Let b(t) = 13*t**2 + 3315*t - 23835. Give b(7).
7
Let p(z) = z**3 + 122*z**2 + 120*z - 137. Give p(-121).
-16
Let p(b) = -b**3 + 49*b**2 + 252*b + 4307. Give p(55).
17
Let d(q) = -131*q**3 + 1963*q**2 + 14*q - 14. Determine d(15).
-254
Let a(k) = 31*k**2 + 109*k + 523. Determine a(-5).
753
Let g(n) = -436*n**2 - 107*n + 3. Calculate g(-1).
-326
Let q(o) = -o**3 - 2*o**2 - 288*o - 2255. Give q(-8).
433
Let n(r) = -r**3 - 364*r**2 - 1802*r - 50. What is n(-5)?
-15
Let q(k) = -k**3 + 348*k**2 + 6970*k + 1080. Determine q(367).
-21
Let i(k) = 1218*k + 861. Give i(-1).
-357
Let n(l) = 689*l + 31746. What is n(-47)?
-637
Let u(m) = 33*m - 1502. What is u(-21)?
-2195
Let g(f)